 t be (1/4*w)/(1/8). What is the highest common factor of 66 and t?
22
Let x = 1845 - 1817. Let c(z) = -28*z**3 - z**2 + 1. Let b be c(-1). What is the greatest common divisor of b and x?
28
Suppose -104 = 4*b - 3*l, 66 = -3*b + 3*l - 15. Let f = 32 + b. Let c be 11 - (1 + 1 + 0). Calculate the highest common divisor of f and c.
9
Suppose -889 + 217 = -14*a. Calculate the highest common divisor of a and 36.
12
Let u(n) = 15*n**2 - 4*n - 32. Let i be u(-5). Calculate the highest common factor of i and 33.
33
Let d(y) = 293*y - 794. Let l be d(3). Suppose -2*g + 3*z - 51 = 2*z, 0 = -5*g + 4*z - 129. Let u = g + 42. What is the greatest common divisor of l and u?
17
Let r = 3 + -5. Let j(s) = -10*s**3 - 2*s**2 + 2*s + 2. Let w be j(r). What is the greatest common factor of w and 14?
14
Suppose 0 = k + 13 + 29. Let u be ((-2)/6)/(7/k). Suppose -2*i + 8 = u*i. What is the highest common divisor of i and 22?
2
Suppose -x + 15 = 4*i, 2*i - 4*x + 4 = -2. Suppose 63 + 53 = 2*z + 4*a, -4*z + 187 = -a. Calculate the highest common divisor of i and z.
3
Let f = 2325 + -675. What is the greatest common factor of f and 33?
33
Let d = -100 - -142. What is the highest common divisor of 70 and d?
14
Let k(h) = h**2 + 11*h - 18. Let d = -34 + 20. Let p be k(d). What is the highest common factor of p and 3?
3
Let q = -69 - -108. Let s = 43 - q. Let i be (-2)/9 - (-56)/9. What is the greatest common divisor of s and i?
2
Let i(w) = -26*w + 8. Let t be i(-3). What is the highest common factor of 129 and t?
43
Let k(b) = 19*b - 303. Let j be k(16). Let c be (-3)/((1/(-7))/1). Let p = c + -13. Calculate the highest common factor of j and p.
1
Suppose -5*k - 125 = -10*k. Suppose 3*z + z + f - k = 0, -f - 5 = -2*z. Let w be 94 + 6 + (3 - z). Calculate the greatest common factor of w and 14.
14
Suppose 3*j - 20 = -5. Let z(k) = -32*k + 581. Let q be z(18). What is the greatest common divisor of q and j?
5
Suppose -4*l + 4*w - 92 = 0, 2*l + 5*w + 5 + 13 = 0. Let y = -5 - l. Let s(x) = -54*x + 2. Let j be s(-1). What is the greatest common divisor of j and y?
14
Suppose -5*d + 21 + 9 = 0. Suppose -3*q = -d*q. Suppose -5*g + 55 = -q*g. Calculate the highest common divisor of g and 22.
11
Let u(d) = -23*d**2 + 1. Let s(q) = q**2 + q - 1. Let k(n) = -2*s(n) - u(n). Let l be k(1). What is the greatest common factor of l and 20?
20
Let n be ((-86)/8)/((-7)/28). Suppose 12 - n = -w. Let x = w - 19. Calculate the greatest common divisor of 48 and x.
12
Let v be (-117 - -8) + (1 - 1). Let l = v + 163. Suppose 2*z - 24 = 3*y, -3*z + 30 = -2*z + 3*y. Calculate the highest common divisor of z and l.
18
Let o = -18 + 11. Let l = o - -2. Let u = l - -29. Calculate the greatest common factor of u and 8.
8
Let s(o) = 3 + 3*o - 2 - 3*o - o. Let y be s(-2). Calculate the greatest common factor of y and 4.
1
Let i = 1688 + -1666. What is the greatest common factor of i and 33?
11
Suppose -127 = -16*i + 177. Calculate the highest common divisor of i and 513.
19
Suppose 0 = -5*f + 2*x + 21, 5*x - x = -3*f - 3. Suppose f*y - 95 - 31 = 0. What is the greatest common divisor of 14 and y?
14
Suppose -4*n + 1698 = 3*x, -3*n - 3*x - 1263 = -6*n. What is the highest common divisor of 9 and n?
9
Suppose -4*j = 4*x - 5*x - 173, 3*x = 4*j - 183. Let y = 693 + -687. What is the greatest common divisor of j and y?
6
Suppose 0 = -72*j + 70*j + 32. What is the highest common divisor of j and 4?
4
Let h(q) = -q**3 + 12*q**2 - 23*q + 24. Let n be h(4). Calculate the greatest common factor of n and 264.
12
Let i(z) = 0*z - 8*z - 5*z + 18*z - 3. Let m be i(3). Calculate the highest common factor of 8 and m.
4
Suppose 123 = 7*j - 45. Let g(c) = -2*c + 2. Let t be g(-7). Calculate the highest common divisor of t and j.
8
Let i(l) = -l**3 - 17*l**2 - 29*l + 17. Let f be i(-15). Let n(m) = 3*m**3 - m**2 + 3*m - 5. Let q be n(f). Calculate the greatest common factor of 3 and q.
3
Let w be (-2)/1 - (0 - (-4)/(-1)). Let u be (-2 - (w - 3))*-27. What is the greatest common factor of 81 and u?
27
Let r be (8/(-1) + 1)/((-9)/(-45)). Let c be r/10*9*(-52)/6. Calculate the highest common divisor of c and 39.
39
Suppose 0 = b + 4*b - 25. Suppose 2*x = -2*a + 14, 13 = -32*x + 33*x + 4*a. What is the greatest common factor of x and b?
5
Suppose -5*r = -5*m + 452 - 2, -r = 4*m - 385. Let p be (-1 - -2)/(2 + m/(-48)). What is the highest common factor of 16 and p?
16
Let m(k) = 8*k**2 - 30*k. Let i be m(5). Suppose 2*s - 60 = -s. What is the highest common divisor of i and s?
10
Let d = -607 - -715. Calculate the highest common factor of 84 and d.
12
Let t be (-17480)/(-52) + (-30)/195. What is the highest common divisor of 21 and t?
21
Let w be (25/15*-26)/(3/(-18)). Calculate the highest common divisor of 104 and w.
52
Suppose 241 = v + 4*n + 250, 5*n = -20. Suppose -4*h + h = -567. Calculate the greatest common divisor of v and h.
7
Let w(n) = -n**2 - 9*n - 7. Let u be w(-8). Let r(p) = p**3 + 3*p**2 - p + 2. Let g be r(-3). Calculate the greatest common factor of g and u.
1
Let n(j) = -88*j + 4. Let w(r) = r**3 - 3*r - 1. Let t be w(-2). Let f be n(t). Let m = 521 - f. What is the highest common divisor of 23 and m?
23
Let a be 8/(-7)*91/(-26). What is the greatest common divisor of 38 and a?
2
Let l be 1 + 64 + 2 - -2. Let v = l - -27. Calculate the highest common divisor of 24 and v.
24
Let c be (0*(-2)/(-4))/(-2) + 3. Suppose 172 = 4*d - 3*z - 10, 2*z - 128 = -c*d. Calculate the greatest common factor of d and 66.
22
Let y be 324/20 - 3/15. Suppose -3*j - x = -13, 5*j - 3*x = 3*j + y. Suppose -2*v = -s - 0 + 16, 4*s - j*v = 73. What is the highest common divisor of 44 and s?
22
Let q(f) = f**2 - 30*f - 95. Let k be q(-3). What is the highest common factor of 10 and k?
2
Let g be 0*((-10)/(-4) + -3). Suppose g = -2*q - 2*q - 40. Let c be (38/(-4))/(5/q). What is the greatest common factor of c and 133?
19
Suppose 5 = 2*r + 3. Suppose q = -r + 5. Suppose -q*h = -2*h - 46. What is the highest common factor of 253 and h?
23
Suppose -2*s = 4*t + 10, -s = 8*t - 3*t + 20. What is the highest common factor of s and 15?
5
Let j = -34 + 41. Suppose 0*k - 10 = -2*k. Let v(s) = s**2 + 3*s - 5. Let o be v(k). What is the greatest common factor of o and j?
7
Let u be 1*4/6 + (-116)/12. Let p(y) be the first derivative of -y**2/2 - 2*y - 1. Let a be p(u). Calculate the highest common factor of 49 and a.
7
Let s be (-8)/(-6 + 2) + 2. Suppose -n + 2 = s*h, -5*n = 3*h - 12 - 15. What is the greatest common factor of n and 42?
6
Suppose 8*i - 654 = 9018. Calculate the highest common factor of 62 and i.
31
Let c(a) = 2*a**2 + 3*a - 1. Suppose 15 = 3*t + 2*t. Let r be c(t). Let u be 13/(0 + (-2)/(-6)). Calculate the greatest common factor of r and u.
13
Let o = 89 - 32. Suppose -2*r + 19 = m, 4*m - 48 = 2*r + 28. Calculate the greatest common divisor of m and o.
19
Suppose 29 - 3 = r. Let o = -27 + 29. Let t be 290/r + o/(-13). Calculate the greatest common factor of 55 and t.
11
Let w = 1123 + -811. What is the greatest common factor of 39 and w?
39
Let f = 643 + -583. Calculate the highest common factor of f and 72.
12
Suppose 2*h - 169 = -2*f + 5*h, -2*f - 2*h = -174. What is the greatest common factor of f and 4558?
86
Suppose 0 = -h - 0*h + 5*o + 7, -15 = -h - 3*o. Suppose 14 = 19*i - 1582. What is the highest common divisor of i and h?
12
Let g be 360*4/(-16)*-10. Suppose -3*x = o - 388, -5*x - 248 = -o - g. Let c(d) = 12*d**2 - 2*d. Let q be c(-2). What is the greatest common factor of x and q?
26
Let g(l) = 12*l**3 - 3*l**2 + 2*l. Let w be g(2). Suppose -2*n - 2*x = -24, 8 + 20 = 3*n + x. What is the greatest common divisor of w and n?
8
Suppose 0 = n + 2 - 3. Let f be (n + 1)/((-4)/(-78)). Suppose -20 = -3*h + w + 23, 0 = 3*h - 2*w - 47. Calculate the greatest common factor of h and f.
13
Let z be (20/(-6))/((-8)/(-12)). Suppose 3*l - 44 + 2 = 0. Let m = l + z. What is the greatest common divisor of 9 and m?
9
Let x = 18 - 83. Let r be (1 + 1)*x/(-2). Suppose -2*o = 3*h - 29, 4*o - 5*h - 31 = 16. Calculate the greatest common factor of r and o.
13
Let y(t) = -17*t + 7. Let k be y(-4). Calculate the highest common divisor of 165 and k.
15
Let d(v) = 0*v - 4*v**2 - 3*v - 2*v**3 - 3 + 0*v - v**2. Let i be d(-3). Calculate the h